 h*v + 5*x - 1390. List the prime factors of v.
3, 31
Suppose -8*l - 234 = -17*l. Suppose -4 = 3*s + 5*b - 32, 4*s = -b + l. Suppose 6*g - 1248 = -s*g. List the prime factors of g.
2, 13
Suppose 2*d - 3*q = 3376 + 1914, 5*d - 4*q - 13211 = 0. Suppose -7*h = -d + 287. List the prime factors of h.
2, 3, 7
Suppose 2*y = -12 + 18. Suppose 0 = 5*d - 5*q - 720, -6*q + y*q + 680 = 5*d. Suppose -5*a - 2*o = -553, 5*a - d = 5*o + 421. What are the prime factors of a?
3, 37
Let n(j) = 64*j + 1534. List the prime factors of n(-12).
2, 383
Let k(j) = 59*j + 18. Let o(z) = z + 1. Let x(w) = w**3 + 4*w**2 - 10. Let g be x(-3). Let b(h) = g*k(h) - 2*o(h). What are the prime factors of b(-5)?
3, 5, 19
Suppose 58*w - 9532 = -4*y + 59*w, 2*y - 4766 = -2*w. What are the prime factors of y?
2383
Suppose 3*f + 4*m - 3098 = f, -4*f + 6207 = -3*m. List the prime factors of f.
3, 11, 47
Suppose 145*c - 149*c = -s - 46356, 0 = -3*c - 3*s + 34752. What are the prime factors of c?
2, 2897
Suppose 2*s + 55773 = t, -28*s + 167368 = 3*t - 27*s. List the prime factors of t.
55787
Let t = -207 + 206. Let b(o) = -240*o - 20. What are the prime factors of b(t)?
2, 5, 11
Suppose -449*d + 705*d = 7119360. What are the prime factors of d?
2, 3, 5, 103
Let y(p) = 3*p**2 + 18*p. Let k be y(-6). Suppose k = -5*o - 185 + 240. List the prime factors of o.
11
Let i be 1*1/(-3) - 273/(-9). Let s be 1 - 3/4 - i/(-8). What are the prime factors of s/5*(39 + (0 - 4))?
2, 7
Let j(h) = 2*h**3 + 33*h**2 + 20*h - 25. Suppose 5*a - 2*a + 50 = -n, -4*a - 80 = 4*n. List the prime factors of j(a).
2, 5, 7
Let u = -1176 + 824. What are the prime factors of (-66)/(-198) + (u/(-6) - 1)?
2, 29
Let p(h) = 4*h - 14. Let q be p(-6). Let i = q + -1. List the prime factors of i/6*48/((-12)/4).
2, 13
Let t = 8598 - 7807. List the prime factors of t.
7, 113
Let s be 2 - 32/18 - (-170)/45. Suppose 291 = s*z - 7*d + 2*d, -d + 66 = z. Suppose z = m - 12. What are the prime factors of m?
3
Let s(b) = 5*b**2 + 125*b - 7474. List the prime factors of s(124).
2, 3, 53, 89
Let w = 148 + -54. Suppose -5*m = w - 504. What are the prime factors of m?
2, 41
Suppose -3*i + 4*f + 5935 = 0, 46*f - 43*f - 15 = 0. List the prime factors of i.
5, 397
Let z be (-4 + (-11)/(-2))*2308/6. Let y = z + -294. What are the prime factors of y?
283
Suppose 0 = -5*y + 3*i + 2*i - 50, 5 = -2*y - 3*i. Let l(o) = -o**3 - 3*o**2 + 4*o. List the prime factors of l(y).
2, 3, 7
Let z be (-2)/(-20) - 32/320. Suppose 0 = -2*o + 10, -5*d + 3*o + 1450 = -z*o. What are the prime factors of d?
293
Suppose d = -o + 10, -41 = -2*d - 3*o - 18. Suppose -d*f - 1196 = -11*f. Suppose 0 = -u - 3*l + 147, -2*u + 0*u + f = l. List the prime factors of u.
2, 3, 5
Suppose 385*s - 2223984 = 49*s. List the prime factors of s.
6619
Suppose 0 = -q + 2*r - 14 - 8, -2*q - 3*r - 44 = 0. Let b = -40 - q. Let l = b + 46. List the prime factors of l.
2, 7
Suppose -197*t + 952260 = -79*t. List the prime factors of t.
2, 3, 5, 269
Let o(w) = -3*w**3 - 20*w**2 + 23*w + 11. Let r = 118 + -128. List the prime factors of o(r).
11, 71
List the prime factors of (-13)/((-845)/16276)*(-5)/(-2).
2, 313
Let j(n) = 6*n**2 - 3*n - 36. Let d be 1 + (-10)/2 - (1 - 0). What are the prime factors of j(d)?
3, 43
Let q be (10/(-6)*3)/((-2)/(-942)). What are the prime factors of 10/25*(-3)/(9/q)?
2, 157
Let s = 255 + -253. Suppose 3*b = -2*v + 1342, 3*b + 4*v - 1348 = -v. Suppose s*x = -0*x - 4*y + b, -x = 4*y - 217. List the prime factors of x.
229
Suppose -4*i = -0*b - 4*b + 9068, 3*b - 5*i - 6795 = 0. What are the prime factors of b?
2, 5, 227
Let u(v) be the first derivative of 1/4*v**4 - 15/2*v**2 + 38 - 3*v**3 + 31*v. What are the prime factors of u(11)?
2, 3
Let t = -5 - -19. Let u(b) = b**3 - 14*b**2 + 5*b - 12. Let a be u(t). Let c = a - 23. List the prime factors of c.
5, 7
Let m = 2592 - 1426. Let b = m + -401. List the prime factors of b.
3, 5, 17
Let o(i) = 3504*i - 5757. List the prime factors of o(26).
3, 29, 109
Let m(w) = -15*w**3 - w**2 - w. Let h = 36 - 33. Let x be (-2 - -3) + (-6)/h. What are the prime factors of m(x)?
3, 5
Suppose 6*r - 52 = -k - k, -r - 18 = -5*k. Suppose -11*j = 4*q - r*j - 312, -250 = -3*q + j. What are the prime factors of q?
2, 41
Suppose 0 = 31*o - 34*o + 957. Suppose -2*x - o + 14 = -3*u, -2*u - x = -208. What are the prime factors of u?
103
What are the prime factors of 6 + (3 - (-21)/(-6) - (-130820)/8)?
2, 8179
Suppose -z + 82*t = 79*t - 55302, 55374 = z + 5*t. List the prime factors of z.
3, 18443
Suppose 3*j - 2*x = 213, 3*j = -2*x - 102 + 315. Let c = 71 - j. Let t(n) = -8*n + 50. List the prime factors of t(c).
2, 5
Let r be 3*(-2)/(-6)*29*-3. Let k = r + 170. Let y = k - 42. List the prime factors of y.
41
Suppose 5*z - 123330 = 3*y, 22*z = 23*z + 2*y - 24666. What are the prime factors of z?
2, 3, 4111
Let c = -570 + 210. Let t = c - -583. What are the prime factors of t?
223
Let m(p) = 2*p**3 - 2*p**2 + 3*p - 3. Let n(f) be the first derivative of f**4/4 - 7*f**3/3 - f**2 + 16*f - 3. Let s be n(7). List the prime factors of m(s).
11
Suppose 212*t - 83*t - 541720 = 100*t. What are the prime factors of t?
2, 5, 467
List the prime factors of (5632/1024)/(1/(-486)*-1).
3, 11
Let f = -5837 + 10724. List the prime factors of f.
3, 181
Suppose -3*x = 3*v - 42765, -v + 20*x + 14231 = 18*x. List the prime factors of v.
3, 1583
Suppose -16*u = -188579 + 79219. What are the prime factors of u?
5, 1367
Suppose 21699*o - 21693*o = 36270. What are the prime factors of o?
3, 5, 13, 31
Suppose 0 = 3*u - l - 280 - 333, 3*u = 3*l + 609. Suppose -5*a = 5*w - u, 2*a - 92 = 3*w - 25. What are the prime factors of a?
2, 19
Let j = 171 - 171. List the prime factors of (-6480)/(-45) - (j - (0 - 1)).
11, 13
Let w(n) = 20*n**2 + 85*n + 707. List the prime factors of w(-27).
2, 7, 29
Let f(r) be the second derivative of -73*r**3/6 + 3*r**2/2 - 76*r. List the prime factors of f(-1).
2, 19
Let r(s) = s**2 - 15*s + 30. Let m be r(6). What are the prime factors of (-15)/(-10) + (-26340)/m?
7, 157
Suppose 4*p + 8 = q + 29, 0 = 5*q - 5*p + 30. Let f(c) = -149*c**3 + c**2 + 2*c. Let d be f(q). Let i = d - 20. List the prime factors of i.
2
Let p = 293 - 293. What are the prime factors of (-51)/2*-2*(p - -5)?
3, 5, 17
List the prime factors of (-4)/30 - (89691/15)/(17 + -20).
1993
Let i(b) = -37 - 5*b**3 + b**2 - 8*b**2 + 4*b**3 + 45*b - 13*b**2 + 10. What are the prime factors of i(-23)?
3, 5, 7
Suppose -948 + 116 = -26*n. Let j(h) = 27*h - 75. List the prime factors of j(n).
3, 263
Let x = 139 - -6736. What are the prime factors of x?
5, 11
Suppose 3*d - 6 = 2*f, 2*f - f = 5*d - 17. Suppose 286 = p + j - 689, 0 = -4*j - d. What are the prime factors of p?
2, 61
Let c = -29 + 36. Suppose -l - c = -3*u, 5*u = -0*u + 4*l + 21. What are the prime factors of (6/(-9))/(u/(-54))?
2, 3
Suppose 5*i - 3*i - 5*s = -15, 3*s = 15. Suppose -10*b + 1525 = i*q - 15*b, 5*b + 1219 = 4*q. List the prime factors of q.
2, 3, 17
Let w be (22806/12)/((-3)/4). Let y be (-21)/28 - w/8. Suppose 3*m + 11 + 217 = 2*j, 0 = -3*j - 2*m + y. What are the prime factors of j?
2, 3
Let w(x) = -x**3 + x - 1. Let d(n) = 5*n**3 - 17*n**2 - 10*n + 35. Let g(r) = -d(r) - 6*w(r). What are the prime factors of g(-15)?
19
Suppose -45 + 3 = -3*q + 3*r, 5*q - 46 = -3*r. Suppose -w = -q*w - 110. List the prime factors of (57 - w)*(0 - -1).
2, 17
Suppose 0 = -6*i - 5 + 23. Suppose 2*s - 439 = 237. Suppose -c = -5*x - 3*c + 562, c = -i*x + s. List the prime factors of x.
2, 3, 19
Let t(i) = -i**3 + 7*i**2 - 7*i + 5. Let z be t(6). Let n be (-59 - z)*(-85)/(-34). List the prime factors of (-3)/5 - 5887/n.
2, 5
Let g be -1*(-1 + 3) - (0 - 199). Suppose g*d - 189*d = 8480. List the prime factors of d.
2, 5, 53
What are the prime factors of 82737/39 + (-378)/819?
3, 7, 101
Suppose 2950 = 2*g + 2*k, 3*k - 2947 = -56*g + 54*g. Suppose 0 = 2*v - 3*f - g, -2*v + 1478 = f - 0*f. List the prime factors of v.
739
Suppose 4*i - 8*i = -8, 4*u - 3*i + 26 = 0. List the prime factors of 26*u/(-1) - 5.
5
Let l(t) = 6*t - 17. Let m be l(7). Let u = m - -447. List the prime factors of u.
2, 59
Let d(w) = -11*w + 40. Let n(z) = 10*z - 39. Let i(o) = -2*o**3 - 3*o + 1. Let y be i(1). Let l(c) = y*n(c) - 5*d(c). What are the prime f